) = 6*z**2 - 1. Let m be v(1). Suppose m*w - 207 = -2. What is the remainder when w is divided by 14?
13
Suppose 23*l - 1460 = 3*l. What is the remainder when l is divided by 25?
23
Let o = -11 + 35. What is the remainder when 95 is divided by o?
23
Suppose -2*l = l + 18. Let k(f) be the third derivative of -f**4/12 + 4*f**3/3 + f**2. Calculate the remainder when k(l) is divided by 11.
9
Let q(v) = -7*v + 16. Calculate the remainder when q(0) is divided by 6.
4
What is the remainder when 272 is divided by -4 + (-15)/9*-9?
8
Let g be -3 + 4 + -2 - -7. Suppose -3*i + g = 3. What is the remainder when 1 is divided by i?
0
Let h(d) = -11*d - 10. What is the remainder when h(-3) is divided by 8?
7
Let f(n) = 2*n**2 - 6*n. Suppose -3*r = -6, -4*w - 5*r = -6*w + 34. Calculate the remainder when w is divided by f(4).
6
Suppose i - 3*y = 16, -i - 2*y = i - 16. What is the remainder when 17 is divided by i?
7
Let m(d) = -d + 2. Let v = 8 + -14. Let l(b) = b**3 - 6*b**2 + 3*b - 3. Calculate the remainder when l(6) is divided by m(v).
7
Let a be (-3)/6 - 31/(-2). What is the remainder when 3/1 + a/5 is divided by 4?
2
Let c(x) = x**3 + 5*x**2 + 4*x + 2. Let u = 3 - 6. Calculate the remainder when c(u) is divided by 5.
3
Suppose -q + 2 - 3 = 0. Let n = 4 + q. What is the remainder when (-99)/(-12) + 2/(-8) is divided by n?
2
Let f(t) = -t**3 + 6*t**2 - 4*t + 7. Let p be f(6). Let a = p - -29. What is the remainder when 34 is divided by a?
10
Let m(z) = -z + 3. Let h be m(5). Let v = h + 9. Let y(p) = 3*p - 1. Calculate the remainder when y(7) is divided by v.
6
Let b = -65 - -71. What is the remainder when 29 is divided by b?
5
Let w be -1 + (-2 - -9) + -1. Let n(o) = 6*o - 4. Let a = -1 - -10. What is the remainder when n(w) is divided by a?
8
Let t = 7 - -6. Suppose 26*v = 23*v + 111. Calculate the remainder when v is divided by t.
11
Let q = 20 - 24. Calculate the remainder when 64 + 1/(-1)*-1 is divided by 2/q*(-43 + -1).
21
Let z(n) = n - 6. Let w be z(7). Calculate the remainder when 19 is divided by -15*-1*w/3.
4
Let q(d) = 3*d**2 - 2*d + 6. What is the remainder when q(3) is divided by 10?
7
Suppose 4*x + x = 215. Suppose 3*f - 4*p + 5*p = 36, -3*p = -9. Calculate the remainder when x is divided by f.
10
Let o = -6 + 9. Let j(z) = z + 7 - 1 - 3. Calculate the remainder when j(o) is divided by 4.
2
Suppose 2*s - 44 - 46 = 0. What is the remainder when s is divided by 23?
22
Suppose 3*z + 3*o = 90, -z - 2*o + 4*o + 33 = 0. Calculate the remainder when z is divided by 8.
7
Let t = -18 + 17. Let c = t + 15. Suppose -3*f + 2*f + 4 = 0. What is the remainder when c is divided by f?
2
Calculate the remainder when 73 is divided by 2/(-4) - (-204)/8.
23
Let q = 3 - 0. Suppose p + 2*p - 98 = -t, p - 36 = q*t. What is the remainder when p is divided by 18?
15
Suppose 0*p + 99 = 3*p. Suppose -2*s + 33 + 1 = 0. What is the remainder when p is divided by s?
16
Let v be (-10)/4*12/(-30). Suppose v + 0 = m. Calculate the remainder when 1 is divided by m.
0
Let d(y) be the third derivative of -y**4/8 + 2*y**3/3 + 2*y**2. What is the remainder when d(-4) is divided by 9?
7
Let r(k) = k**2 + 7*k + 5. Suppose 3*j = w - 11 - 4, -20 = 5*j. Suppose -w*f = -2*f - 2. What is the remainder when r(-7) is divided by f?
1
Suppose 6*d - w = 3*d + 27, 2*w = 4*d - 34. Calculate the remainder when 77 is divided by d.
7
Suppose 0 = -2*n, 115 = 5*z - n + 6*n. Let s = 50 - z. What is the remainder when s is divided by 7?
6
Let r = 7 - -3. Let h(d) = 4*d**3 - 2*d**2 + 3*d - 2. What is the remainder when h(2) is divided by r?
8
Let z(c) = 18*c**2 - 1. What is the remainder when z(1) is divided by 4?
1
Let w = -23 - -43. Let h(n) = n - 7. Suppose -v - t + 13 = -0*t, -2 = 2*t. Calculate the remainder when w is divided by h(v).
6
Let q(l) = l**3 + 5*l**2 - 4*l + 2. Calculate the remainder when q(-5) is divided by 8.
6
Suppose 2*k + 0*k + 24 = 2*z, 3*k - 6 = 0. Calculate the remainder when 27 is divided by z.
13
Let w = 34 - 21. Let a be ((-4)/(-5))/((-1)/(-5)). Suppose 0 = -f + 1 - 5, -3*f - 164 = -a*y. What is the remainder when y is divided by w?
12
Suppose 0 = -5*i + 10*i - 215. Calculate the remainder when i is divided by 25.
18
Calculate the remainder when 2/(-6) + (-354)/(-9) is divided by 20.
19
Suppose 3*u + 4*i - 131 = 18, -u + 4*i = -71. Suppose -2*l + 0*l = -4*j + 98, 5*l = -2*j + u. What is the remainder when 48 is divided by j?
23
Suppose 5*z = 154 + 276. Suppose -3*w = -16 - z. Calculate the remainder when w is divided by 12.
10
Let a = 73 + -11. Suppose -4*p + 248 = j, -2*p + a + 62 = -2*j. What is the remainder when p is divided by 21?
20
Let t be (-265)/10 - (-6)/4. Let z = -15 - t. What is the remainder when 37 is divided by z?
7
Suppose 5*f = -2*r + 8, -f - 4*r = 3*f - 4. What is the remainder when (-3)/((-14)/8 - -1) is divided by f?
0
Suppose 4*m = -148 + 700. Calculate the remainder when m is divided by 28.
26
Let p(l) = 2*l - 1. Let s be (6/(-5))/((-21)/(-70)). What is the remainder when 186/s*2/(-3) is divided by p(6)?
9
Calculate the remainder when 39 is divided by (2 + 0)*(-2 + 12).
19
Let f(i) = i**3 + 7*i**2 + i + 11. Calculate the remainder when 29 is divided by f(-7).
1
Suppose -22 = -p - p. Suppose -72 = -3*j + j. What is the remainder when p is divided by ((-2)/(-4))/(3/j)?
5
Let g = -382 - -428. Let p be (-158)/(-14) - 4/14. Let o = 13 + p. Calculate the remainder when g is divided by o.
22
Let i be ((-9)/(-3))/(3/16). Calculate the remainder when (90/(-21))/((-1)/7) is divided by 2*i/((-2)/(-1)).
14
Let y be -4*((-3)/2 + 3). What is the remainder when y/(-15) - (-13)/5 is divided by 1?
0
Let r = -59 + 142. Calculate the remainder when r is divided by 28.
27
Suppose 4*i - 50 = i - 4*w, -3*i - 2*w = -40. What is the remainder when i is divided by 4?
2
Let j(f) = -f**3 + 5*f**2 - 3*f - 2. Let r be j(4). Let y(w) = 7*w**2 - 2*w. Calculate the remainder when y(r) is divided by 13.
11
Let f(n) = n**3 + 0 - 9*n**2 + 10 + 7*n + 18*n**2. Calculate the remainder when ((-4)/10)/(1/(-130)) is divided by f(-8).
16
Suppose -54*l + 59*l = 90. What is the remainder when 50 is divided by l?
14
Suppose -2*g + 9 = 1, 0 = 2*a - g - 22. Calculate the remainder when 64 is divided by a.
12
Suppose 7*q = 2*q - 4*d + 52, 2*q - 5*d - 34 = 0. Let h(n) = n**3 + 7*n**2 - 7*n + 1. Let g be h(-5). Calculate the remainder when q/3*g/8 is divided by 15.
13
Let y = -3 - -9. What is the remainder when (-3)/y*2*-27 is divided by 14?
13
Suppose 0 = -2*m - 0*x - 4*x + 30, 0 = -5*m - 3*x + 82. What is the remainder when 66 is divided by m?
15
Let v = 62 - 40. What is the remainder when v is divided by 13?
9
Suppose 2*f + 14 = -4*z, -z = -3*f + 8 - 1. Let g(k) = -7*k - 7 + 2 + f. Calculate the remainder when g(-4) is divided by 13.
11
Suppose 4*o - 56 = -t - 3*t, 26 = o + 5*t. Suppose c + 102 - 38 = 2*g, 0 = -3*g - 2*c + 96. Calculate the remainder when g is divided by o.
10
Let w(a) = -a**2 + 7*a + 31. Let l = 213 - 107. Suppose -2*n + l = 3*q, 0*q - 5*q + 177 = 3*n. Calculate the remainder when q is divided by w(9).
10
Suppose -5*j - 20 = 45. Let m = j - -8. Calculate the remainder when 14 is divided by 2/m - (-210)/25.
6
Let p(u) = 2*u**2 + 2*u - 5. Suppose l + 6 = 2. What is the remainder when p(l) is divided by 7?
5
Let v = 0 - -11. Let b = 56 - v. What is the remainder when b is divided by 16?
13
Suppose t + 2*t - 90 = 0. Suppose -6*n + t = -3*n. Let a = n - 1. What is the remainder when 17 is divided by a?
8
Let p be (-3)/(-1) - (8 - 6). What is the remainder when 35 + (p - 3) - 4 is divided by ((-30)/(-8))/(3/8)?
9
Suppose -3*t + 22 = -26. What is the remainder when 77 is divided by t?
13
Let m = -7 - -7. Suppose -p - 4*p - 195 = m. Let r = 68 + p. Calculate the remainder when r is divided by 10.
9
Let s(w) = -5*w + 4. What is the remainder when s(-5) is divided by 15?
14
Let y = -10 + 14. What is the remainder when 13 is divided by y?
1
Suppose 2*m = 8, -4*f + m + 32 = -284. Calculate the remainder when 2050/f - 6/(-16) is divided by 14.
12
Let a(z) = -z**2 + 12*z - 4. Calculate the remainder when 51 is divided by a(4).
23
Suppose 7 + 16 = -2*r + n, -4*r - 5*n = 53. Let b = r - -18. What is the remainder when b is divided by 2?
0
Let v(x) = 4*x**2 + 6*x + 1. What is the remainder 